 37*b - 229. Calculate the remainder when x(8) is divided by 35.
32
Suppose -18*j - 2*n = -17*j - 41, -3*n + 139 = 4*j. What is the remainder when 215 is divided by j?
29
Let g be ((-9)/(-27))/(1/18). Suppose -g*d = -5*d - 6. Suppose 0 = -d*r + 69 + 21. Calculate the remainder when 41 is divided by r.
11
Let v = 0 + 5. Let r be (20/(-16))/(2/(-8)). Suppose -2*n + 0*w - r*w + 57 = 0, v*w - 9 = n. What is the remainder when 45 is divided by n?
13
Suppose -k - 2 = -v + 2*v, -4*v - 20 = 0. Suppose -2*b - 13 + 45 = 0. Suppose k*u - b = -u. What is the remainder when 5 is divided by u?
1
Let c(m) = 34*m**2 + m. Let w be c(2). Suppose -56 = -2*h + w. Suppose -5*u = 2*t - 48, 4*t - 5*t = -5*u + 6. Calculate the remainder when h is divided by t.
13
Let v = -7 + 7. Suppose 5*b - 6 - 9 = v. Suppose 0 = -f + b + 23. Calculate the remainder when 49 is divided by f.
23
Suppose -67 = 3*w - 625. Calculate the remainder when w is divided by 10.
6
Suppose 0 = 7*z - 9*z + 4, z + 114 = 2*h. What is the remainder when h is divided by 6?
4
Suppose 0 = -122*b + 124*b - 6. Calculate the remainder when 19 is divided by b.
1
Suppose -9*w - 4*n + 153 = -4*w, 66 = 2*w + 4*n. Calculate the remainder when 42 is divided by w.
13
Let f = 61 - 60. What is the remainder when 60 is divided by (-9 + f)/((-15)/(-6))*-10?
28
Let u(m) = -3*m + 30. Suppose 2*v = -h - 14, -5*v = -3*h - 1 + 36. What is the remainder when u(v) is divided by 13?
12
Suppose 2*m + 6*l = 112, 5*m - 6*l - 314 = -4*l. What is the remainder when 123 is divided by m?
61
Let i = -2 - -3. Let r be 2/6*(5 + i). Suppose 0*l + 50 = 3*l - s, 0 = l + r*s - 5. Calculate the remainder when l is divided by 4.
3
Suppose 4*k = -21*b + 24*b + 290, -3*b = -5*k + 361. What is the remainder when 283 is divided by k?
70
Let m be 1/((-15)/(-42))*35. Let j = 192 - m. Calculate the remainder when j is divided by 16.
14
Let o(c) = 25*c**2 + 1. Calculate the remainder when o(1) is divided by 15*(-1 - 40/(-24)).
6
Suppose 279 = -4*s + 7*s. Suppose 2*j - 6 = 32. Calculate the remainder when s is divided by j.
17
Suppose -h = h. Suppose 0 = -5*c - 2*a + 305, -c + 3*a = -h*a - 78. Calculate the remainder when c is divided by 22.
19
Suppose 10 = 3*v - 8. Let c = 24 + -21. Suppose 2*u - c*y - 49 = 0, -y = u - 3*y - 27. What is the remainder when u is divided by v?
5
Let d(z) = -z**3 - 3*z**2 + 6*z + 1. Let x = -96 + 107. Calculate the remainder when d(-5) is divided by x.
10
What is the remainder when -12*(-470)/80*(1 - -1) is divided by 26?
11
Let a(o) = 2*o**2 + 4*o + 1. Suppose 141*p + 2 = 140*p. Calculate the remainder when p*38/(-12) + 8/12 is divided by a(-3).
0
Let p = -21 - -45. Let b(c) = c**2 - 10*c + 3. Let x be b(8). Let f = x + p. Calculate the remainder when 31 is divided by f.
9
Let n(g) = -g**2 + 4. Let x be n(0). Suppose x*r - r - 174 = 0. Let q = 30 - 10. What is the remainder when r is divided by q?
18
Suppose -85*k = -95*k + 350. What is the remainder when 127 is divided by k?
22
Let m = 864 + -810. What is the remainder when m is divided by 34?
20
Let o(v) = 2*v**2 + 40*v - 12. Calculate the remainder when 299 is divided by o(-21).
29
Suppose 3*c + 2 = -1, 3*u - 136 = -5*c. What is the remainder when 108 is divided by u?
14
Suppose -5*o = -5*x + 260, -48*o + 53*o + 107 = 2*x. What is the remainder when 127 is divided by x?
25
Suppose -5*p + 10*p = 5*v + 10, -5*p + 37 = 4*v. Suppose -3*g + 27 = -0*g. Let q = -2 + g. What is the remainder when q is divided by v?
1
Let n = -19 - -62. Calculate the remainder when n is divided by 11 - -2 - (2 - 0).
10
Suppose 4*j + 348 = 4*p, p - 95 = 4*j - j. Let t = -5099 + 5111. Calculate the remainder when p is divided by t.
11
Suppose 2*n + 2*o + 82 = 0, -n = 4*o + 15 + 29. Let y = n - -74. What is the remainder when 64 is divided by y?
30
Let w be 18*-4*104/39. Let x = w - -272. Calculate the remainder when x is divided by 23.
11
Let f = 58 - 47. Suppose 4*d - 156 + 40 = 0. What is the remainder when d is divided by f?
7
Suppose -4*g - 105 + 297 = 2*j, -g - j + 47 = 0. Suppose -208 = 41*b - g*b. What is the remainder when 126 is divided by b?
22
Let g be (-18)/(-99) - 42/(-11). Suppose 3*h = 2*h + 15. What is the remainder when (g/2)/((-15)/(-210)) is divided by h?
13
Let l(z) = 3*z + 11*z + 8*z - 16*z - 43. What is the remainder when l(14) is divided by 24?
17
Let c(i) = -i**3 + 9*i**2 - 14*i + 5. Let r(s) = -s**2 + 10*s - 14. Let w be r(7). What is the remainder when c(w) is divided by 2/5 - (-13)/5?
2
What is the remainder when 84 is divided by (-190)/(-25) - (-2 + (-8)/(-5))?
4
Suppose 1 = -u + 6. Suppose u*i = i + 36. What is the remainder when (2 - 0) + 20 + (5 - 3) is divided by i?
6
Let d = 35 - 33. Suppose -5*b = d*j - 55, -j + 3 = 3*b - 24. Calculate the remainder when j is divided by 17.
13
Let q(t) = t**2 + t - 19. Suppose -4*k - 2*a + 18 = 0, -3*a = -3 + 12. Calculate the remainder when q(k) is divided by ((-1)/2)/(2/(-36)).
5
Suppose -4*u = -3*z + 1, 4*z + 4*u + 0*u - 48 = 0. What is the remainder when 2273 is divided by z?
5
Let h = -8 - -3. Let u(j) = -4*j - 7. Let p(d) = -d**2 + 12*d + 2. What is the remainder when p(5) is divided by u(h)?
11
Suppose 34 = -5*p + 104. Let i = -56 + 82. Calculate the remainder when i is divided by p.
12
Suppose -u - t + 7 = 0, 0*t + 2*t = 4*u - 10. Let v(b) = -b - u*b + 4*b + 3*b - 10. What is the remainder when 22 is divided by v(8)?
4
Let b(w) = w**3 - 5*w**2 - 10*w. Let k be b(8). Suppose 0 = -4*m - d + k, -5*d + 28 = m - 19. What is the remainder when 79 is divided by m?
25
Let k = 182 + -169. What is the remainder when 388 is divided by k?
11
Let p be (-1 - -11)*(-54)/36. Let o = p + 32. What is the remainder when o is divided by 7?
3
Let d = 158 - 86. Calculate the remainder when 357 is divided by d.
69
Suppose -6 = 3*v + 3*d - 39, 25 = 5*v - 5*d. Suppose -v*w = 17 - 49. Calculate the remainder when 17 is divided by w.
1
Let u be (-5 + -4)/3 - 112. Let x = -31 - u. Calculate the remainder when x is divided by 29.
26
Suppose -83 = -5*b - 13. Let j = 51 - 31. Let s = 59 - j. What is the remainder when s is divided by b?
11
Suppose -3*m = 4*f - 81, 4*m - 60 = m + 3*f. Let z(a) = -a**3 - a**2 - 4*a - 6. What is the remainder when z(-5) is divided by m?
22
Let h(s) = 2*s - 25. Let c be h(15). Let i(r) = 11*r + 10. Calculate the remainder when i(c) is divided by 11.
10
Suppose -3*n + 8*n - 275 = 5*b, 211 = 4*n - b. What is the remainder when n is divided by 5?
2
Suppose -5*c + a = -80, -3*c = -c - 3*a - 32. Suppose 0*o = 4*o + 8. What is the remainder when (-2)/o - -61 - -1 is divided by c?
15
Suppose -k + 4*i - 150 = -3*k, -5*k - 4*i + 393 = 0. What is the remainder when k is divided by 3 - (-20 - 4/(-2))?
18
Let p be (-3 - (-7 + 3))*-6. Suppose -12 = -4*d - w, -2*d + 0*w + 5*w + 28 = 0. What is the remainder when (4/p)/((-13)/273) is divided by d?
2
Let j = -108 + 76. Let l = j + 35. What is the remainder when l is divided by 2?
1
Suppose 2*z = -i - 53, -3*i = -5*z - 53 - 74. Let v = z - -37. Suppose 0 = 3*h - v - 7. Calculate the remainder when 9 is divided by h.
3
Let n = 24 + -11. Suppose 3*r = -13*m + 8*m + 140, 2*m - 2*r - 40 = 0. What is the remainder when m is divided by n?
12
Suppose 14 = -3*r + 3*o - 19, 0 = 3*o - 6. Let i be (r/(-5))/(1/5). Suppose -n = -c - c - 8, -c = -n + i. Calculate the remainder when n is divided by 7.
3
Let l(m) = 3*m + 57. Let d be l(-15). Suppose 0 = -4*g + 7*q - 2*q + d, -3*q - 15 = -5*g. Calculate the remainder when 8 is divided by g.
2
Let o(a) = -3*a - 2. Let y be o(-10). Let b(d) = -27*d**2 + 0*d**3 + y*d**2 - 2*d**3 - 3*d - 1. Calculate the remainder when 99 is divided by b(-2).
24
Suppose -130 = -33*y + 233. What is the remainder when y is divided by 4/14 - 66/(-14)?
1
Let i(c) be the first derivative of -c**3/3 - c**2/2 + 3*c + 11. Let t = -17 - -17. Calculate the remainder when 10 is divided by i(t).
1
Suppose 0 = 7*c - 6*c - 15. Let j = c + -4. What is the remainder when 19 is divided by j?
8
Suppose 0 = -7*s + 1328 - 1237. Calculate the remainder when 180 is divided by s.
11
Suppose 2*d + 59 = 3*d + x, -5*x - 245 = -5*d. Calculate the remainder when d is divided by 29.
25
Let m = 14 + -21. Let v be (-3)/4 + (-5)/4. Calculate the remainder when m/v*(-64)/(-4) is divided by 19.
18
Su